 - 10 - 3 = 0, 4*t = 5*f - 15. Is m(f) a prime number?
False
Suppose 2*d = 2*g + 18, 0 = -3*d + 12. Let r(z) = -13*z - 6. Is r(g) a composite number?
False
Let t be 4*3/(-12)*-3. Let y be t*(0 + -1)/(-1). Suppose 140 = 5*r - y*s, s - 3*s - 110 = -4*r. Is r prime?
False
Let s = -20 - -20. Is (s - (-243 + 2)) + -4 a prime number?
False
Is ((-29)/87)/((-43502)/(-43503) - 1) a prime number?
False
Let w be (-4 - -2)/(-4)*-8. Let s = w + 7. Suppose -s*m + 644 = m. Is m a prime number?
False
Suppose 2*k = g + 21504, -4*g - 43016 = -4*k - 6*g. Is k composite?
False
Let y(n) be the first derivative of -13*n**2 + 15*n + 14. Is y(-14) a prime number?
True
Let z be (-8792)/5 + 3 + (-4)/(-10). Is (z/20 + 1)/((-1)/4) a composite number?
False
Let v be -17*8*(-30)/(-8). Let z = 912 + v. Suppose 5*i - z = -i. Is i a prime number?
True
Suppose 9*f - 165824 - 25435 = 0. Suppose f = 9*a + 7922. Is a composite?
False
Suppose 12*y - 1134 - 774 = 0. Is y composite?
True
Suppose 2*j - 4271 = 5*a, 3*a + 2135 = j + a. Let x = -554 + j. Suppose -7*o = -2250 - x. Is o a prime number?
True
Let c(v) be the second derivative of -7*v**5/20 + v**4/6 + 5*v**3/6 + 7*v**2/2 - 3*v. Is c(-5) a composite number?
False
Let i = 101 + -119. Is i/(-27) - (-48909)/9 a composite number?
True
Suppose 0 = 3*c - 4*t - 110, -164 = c - 6*c - 3*t. Suppose -4*m - c + 14 = 0. Let d(f) = -f**3 - f**2 + 2*f + 7. Is d(m) a composite number?
False
Let c be (-24)/9*(-12)/8. Let i(r) = -r - 2. Let o be i(c). Is ((-141)/o)/(2/12) a composite number?
True
Let t be 1 + -2 - -4*1. Let x be (-126)/(-27) + (-2)/t. Is (1623/6)/(2/x) a composite number?
False
Is (-120297)/(13 + -9 - 7) prime?
True
Suppose -4*z + 33048 = 4*w, 13079 - 4815 = w - z. Is w composite?
False
Let f = 88 - 90. Is (5 + f)*350/42 prime?
False
Suppose 0 = u + 2*u + p - 543962, -u + 2*p = -181316. Is 4/38 + u/152 a composite number?
False
Suppose 2*p - 2*t + 5*t - 4375 = 0, -3*p + 3*t = -6540. Is p a prime number?
False
Is 15/(-40) + (-6070)/(-16) a prime number?
True
Suppose 7*d - 12*d = -90. Let a = 16 - d. Let j(q) = -q**2 - 5*q - 4. Is j(a) prime?
True
Is 201515/123 + (0 - (-8)/(-6)) a prime number?
True
Let q = 89459 + -17812. Is q composite?
False
Let h(q) = -q**3 - 4*q**2 + q - 1. Let s be h(-4). Suppose 561 = -10*d - 1719. Is (-1)/((-1 - s)/d) prime?
False
Let p = 19 + -14. Let w(s) = s**2 - 13*s + 27. Let g be w(11). Suppose 203 = m - p*o, -2*m - m + g*o = -609. Is m a composite number?
True
Let r(j) = -j**3 + 11*j**2 - 13*j + 9. Suppose 9 = 4*p - a - 22, -a = 3. Let d be (-2)/(-7) + 54/p. Is r(d) composite?
False
Suppose 6*p - 1346 = 5*p. Is p composite?
True
Suppose 3*n = -8*i + 3*i + 2320, 0 = -3*i + 4*n + 1421. Is i a composite number?
False
Suppose -31*g = -28*g - 6. Let u be 4/g + 90 + -4. Suppose -2*n = -u + 14. Is n a prime number?
True
Let c(v) be the second derivative of 3*v**5/10 - 2*v**4/3 + v**3/6 + v**2/2 + 4*v + 2. Is c(8) a prime number?
False
Let v = 8019 - 3636. Let a = 7870 - v. Is a composite?
True
Suppose -9*i + 400315 + 1029290 = 0. Is i a composite number?
True
Suppose 0 = -2*r + 4*f - 4, 2*r + 2*f = 12 + 2. Suppose 169 = -5*p - 4*a, r*p + a = 3*p - 33. Let h = -14 - p. Is h a composite number?
False
Is 6/(36/(-21))*120606/(-21) a composite number?
False
Suppose 1795 = -8*t + 9*t. Is t a composite number?
True
Let k(h) = 16240*h - 13. Is k(2) prime?
True
Let j be (-10)/(2*-1) - 2. Let x(i) = -7*i + 19. Let g be x(3). Is 177 + 1 + g + j a composite number?
False
Let u = 2168 + 5448. Suppose 3*o = 2071 + u. Is o prime?
True
Is ((-8612)/6)/((-78)/117) composite?
False
Let h(s) be the first derivative of 4*s**3/3 - s - 2. Let y be h(-1). Suppose y*a - 763 = 140. Is a prime?
False
Suppose 9*g - 17971 - 15752 = 0. Is g composite?
True
Suppose -3*v + 10 = -v. Suppose 0 = v*t + 79 + 11. Is (-6)/t - (-856)/6 prime?
False
Suppose -72 = -3*z + z. Let d be 2/(-3) + 1500/z. Let l = d + 74. Is l prime?
False
Suppose 1391 = -7*w + 46835. Is (1/3)/(4 + (-25964)/w) composite?
False
Let k(u) = u + 14. Let o be k(-10). Suppose 6*r + g = r + 839, o*r = -g + 672. Is r prime?
True
Suppose 202384 = 2*x + 2*l + 1748, -3*l - 501598 = -5*x. Is x composite?
True
Is 3 - (-4 + 6) - (-1948)/1 prime?
True
Let z(r) = 1 + 171*r**3 + 5*r - 8*r + r + 275*r**3. Is z(1) composite?
True
Let v = 11919 + -4840. Is v a prime number?
True
Let q(o) = 32*o - 13. Let y = 2 - -5. Is q(y) composite?
False
Let b(d) = 22148*d**3 + 3*d - 4. Is b(1) a composite number?
False
Let x = -24 - -22. Let n(z) = z**2 - 2*z - 4. Let w be n(x). Suppose -254 - 102 = -w*y. Is y prime?
True
Let d(j) = 35*j**2 - 6*j + 16. Let p be d(6). Suppose 3*a - 2*c = 761, 3*c - 3 = -5*a + p. Is a composite?
False
Suppose 0 = -3*g + 2*n + 476, -2*n = 5*g - 0*n - 804. Suppose -5*t + 4*x = -393, 5*t - g = -5*x + 215. Is t composite?
True
Suppose 3*q + 216 = 12*q. Is (-6)/(q/62)*-4 composite?
True
Let k be -1 - ((3 - 2) + -4). Suppose 8370 = 5*x - 0*x - 3*y, x - 1661 = -k*y. Is x a prime number?
False
Let o = 5834 + -3351. Is o a prime number?
False
Suppose 0 = 23*i - 28*i + 16945. Is i a composite number?
False
Let z be (-1 - -1 - 1) + 8. Suppose -6*a = -z*a. Suppose a = -5*t + 3*y + 110, 5*y + 11 + 39 = 3*t. Is t a prime number?
False
Suppose 8980 = 2*t - 762. Is t a prime number?
True
Is (-1)/(((-15)/(-81465))/(0 + -1)) a prime number?
True
Suppose -21*y + 24*y + 1668 = 0. Is (-1 + 3 + y)*39/(-6) composite?
True
Let v(d) = d**3 + 9*d**2 + 6*d + 8. Let r be v(-9). Let z = r + 1. Let k = z - -83. Is k a composite number?
True
Let o = -317 - -724. Is o composite?
True
Suppose 0*f + 3*f - 15 = 0, -2*w = 2*f - 3732. Is w composite?
False
Suppose -o + 577 = -2928. Suppose -6*g = -g - o. Is g prime?
True
Suppose -3*n + 14610 = -4*i + 133, 5*n - 24135 = 5*i. Is n a prime number?
True
Suppose -4 = -0*z - z. Suppose 0 = -x + 4*d - 11, 4*x - 5*d - 16 = -z*d. Suppose -5*a - 5*m = -815, -5*a + x*m - 2*m + 815 = 0. Is a composite?
False
Suppose 0 = 2*x - 3*r + 202, -3*x + 2*r = 93 + 200. Let k = 226 + x. Is k a prime number?
True
Let j(l) = 232*l - 11. Let a(m) = -232*m + 11. Let f(t) = -7*a(t) - 6*j(t). Is f(6) a prime number?
True
Suppose 0*i = -3*i + 9. Suppose 0*c = -i*c + 3*h + 7335, -12207 = -5*c - 4*h. Is c composite?
True
Let q(d) = d**3 + 10*d**2 - 6*d + 9. Let x be q(-8). Suppose 8*y - 9*y + x = 0. Is y a prime number?
False
Is 32356*(-5 - (-9)/2)*-1 a prime number?
False
Let t = 3766 + 6639. Is t prime?
False
Let h be 128916/54 + (-4)/3. Suppose h = 7*v - 5*v. Is v prime?
True
Let t be (6/9 - -1)*3. Suppose t*o = 2474 + 4441. Suppose -h - 266 + o = 0. Is h prime?
True
Let g(f) = -5*f**3 - 10*f**2 + 31*f - 17. Is g(-15) composite?
False
Let b = 1002 + 97. Suppose 8*z + b = -821. Let c = 489 + z. Is c composite?
True
Suppose -5*t + 2393 = -14*a + 11*a, t - 3*a = 481. Is t a composite number?
True
Let g be -3 - -4*(-2 + 4). Suppose 0 = -g*y + 1027 - 392. Is y composite?
False
Let a = 2245 - 1157. Let g = a + -589. Is g composite?
False
Suppose 7*c - 3171 = 4*c. Suppose -3*j - c = -142. Let r = 484 + j. Is r composite?
False
Let h = 395 - 328. Is h composite?
False
Is (-12)/72 + 258115/6 prime?
True
Let l be 11/44 - (-146)/(-8). Let z(y) = 23*y**2 - y. Let s be z(5). Is (l/(-27))/(4/s) a composite number?
True
Let x = -48125 + 67710. Is x prime?
False
Suppose 6*g - 12 = 2*g. Suppose g*p = 7*p - 856. Is p a prime number?
False
Let f(y) = -y**2 + 7*y - 4. Let t be f(6). Suppose 26 = -2*c + t. Is ((-46)/4)/(c/264) a prime number?
False
Let f be (18/(-1))/(3/(-255)). Let z(n) = -n**3 + 7*n**2 + 8*n + 5. Let v be z(8). Suppose f = v*l - 2905. Is l composite?
False
Let g be (-2)/(-15) - 344/(-120). Suppose -1538 = -5*y + g*t, 5*y - 3*t = -5*t + 1533. Is y composite?
False
Let x(z) = -1 + 7 - 1 + 4 + 1154*z. Is x(5) a composite number?
False
Suppose 11 = 2*k - 11. Suppose -620 = k*c - 15*c. Is c a composite number?
True
Is (-2)/(-12)*-3 + (-516024)/(-16) prime?
True
Suppose -12*l + 10*l - 208 = 0. Is ((-15)/(-20))/((-2)/l) a prime number?
False
Let t(m) = -15*m + 5. Let g(c) = 16*c - 6. Let a = 3 + 2. Let o(b) = a*t(b) + 6*g(b). Is o(6) a composite number?
True
Let l = -37818 - -67737. Is l composite?
True
Suppose 0 = -2*l + 13 - 1. Suppose -l*x = 9 - 1533. Is x prime?
False
Let w(p) = p**3